ber?
True
Is 3268326909 prime?
False
Is 246451751197 a composite number?
False
Is 194091934759 a composite number?
False
Is 64521469379 a prime number?
True
Is 11405048231 composite?
True
Is 286635541 a prime number?
True
Is 284885759 a prime number?
False
Is 1768043153 prime?
False
Is 1668121267 composite?
True
Is 37419953917 prime?
True
Is 3246625253 composite?
True
Is 562195853 a prime number?
False
Is 45894944363 prime?
True
Is 592789039 composite?
True
Is 23630797 composite?
False
Is 18975426733 composite?
False
Is 172704030623 prime?
False
Is 701945653 composite?
False
Is 95563587793 composite?
True
Is 14881978261 prime?
True
Is 436378493 prime?
True
Is 2678385053 composite?
False
Is 449687579 composite?
True
Is 450296711 composite?
True
Is 107266322095 a prime number?
False
Is 12582130763 composite?
True
Is 600314107 prime?
True
Is 1740724697 a prime number?
False
Is 15250062343 a composite number?
False
Is 3526917593 a composite number?
False
Is 23029370495 a prime number?
False
Is 23913280417 composite?
True
Is 668183237 prime?
False
Is 134964409 a composite number?
True
Is 11725427509 composite?
False
Is 192893891 a prime number?
False
Is 3453241163 prime?
True
Is 129273998459 a prime number?
True
Is 472353049 a prime number?
False
Is 17394409 composite?
True
Is 8088233677 composite?
True
Is 49386329 a composite number?
False
Is 58258274267 a prime number?
False
Is 1826541501 a prime number?
False
Is 83323101839 a prime number?
True
Is 1348370971 a composite number?
False
Is 16378386733 a prime number?
False
Is 1154170937 a prime number?
True
Is 57700241 prime?
True
Is 11542646317 a composite number?
True
Is 142687539949 composite?
False
Is 30215599439 a prime number?
True
Is 10665675569 prime?
True
Is 25652761 prime?
True
Is 145042321 prime?
False
Is 4959840595 composite?
True
Is 41988028171 a prime number?
True
Is 25531679813 a prime number?
True
Is 3703552631 a prime number?
False
Is 15127716665 composite?
True
Is 1778029381 prime?
True
Is 824793979 a prime number?
True
Is 813880037 prime?
False
Is 19114264657 composite?
True
Is 151906857607 a composite number?
False
Is 1404831013 composite?
True
Is 38935667 composite?
False
Is 2064555833 prime?
False
Is 27052913785 prime?
False
Is 2492549933 a prime number?
True
Is 25481466355 a prime number?
False
Is 47591673 composite?
True
Is 1959568441 prime?
True
Is 1827628831 a composite number?
True
Is 8505010133 a prime number?
True
Is 1373221361 a composite number?
True
Is 7182385313 a prime number?
True
Is 488825891 a composite number?
False
Is 16718020517 a prime number?
False
Is 3397933202 a composite number?
True
Is 2909801597 a composite number?
False
Is 1175422961 a prime number?
True
Is 5205197147 prime?
False
Is 49792837417 prime?
True
Is 67245636773 a prime number?
False
Is 11944542161 a composite number?
True
Is 24429236437 prime?
True
Is 15567149991 a composite number?
True
Is 199404801271 prime?
False
Is 1759271581 prime?
True
Is 29178326393 a prime number?
True
Is 811157162 composite?
True
Is 166778797 a prime number?
False
Is 66467179 prime?
False
Is 290405413 composite?
True
Is 2190210287 composite?
False
Is 2975373991 prime?
True
Is 5779747111 a prime number?
True
Is 4245177889 a composite number?
True
Is 146403527 composite?
False
Is 3066395851 a prime number?
True
Is 6421790377 a prime number?
False
Is 562894069 composite?
False
Is 5617570271 a prime number?
True
Is 70197985213 prime?
False
Is 3507993689 composite?
False
Is 4172974319 prime?
True
Is 5732504161 a composite number?
False
Is 216539501 composite?
False
Is 277987613 composite?
True
Is 849445411 a prime number?
True
Is 183653593835 a prime number?
False
Is 206465669 prime?
True
Is 5351552113 prime?
True
Is 12447711291 a composite number?
True
Is 47915371949 composite?
True
Is 2365426067 a composite number?
True
Is 42048673 prime?
False
Is 2684018791 prime?
True
Is 452529679 prime?
False
Is 154591417 prime?
True
Is 3155100931 a composite number?
False
Is 16637654629 composite?
False
Is 781795067 a composite number?
True
Is 88642929283 composite?
False
Is 53549474171 a composite number?
True
Is 81630121 a prime number?
True
Is 18607240651 a prime number?
True
Is 2168919817 composite?
True
Is 2373982207 prime?
False
Is 143916287 prime?
True
Is 6048368785 a composite number?
True
Is 14216225561 a composite number?
False
Is 14588688271 a composite number?
False
Is 10671873409 composite?
False
Is 37330179191 prime?
True
Is 15103380749 composite?
False
Is 2328854257 a composite number?
False
Is 2784387479 prime?
False
Is 120816934253 composite?
False
Is 154758238111 prime?
True
Is 232027801 composite?
True
Is 23622584681 prime?
False
Is 118968319507 a composite number?
False
Is 11705132819 a prime number?
False
Is 430689761 a prime number?
True
Is 220512161 prime?
True
Is 6884277409 a prime number?
True
Is 1924456811 composite?
True
Is 4955587121 composite?
False
Is 6573834871 composite?
True
Is 186252603217 a prime number?
False
Is 1311505537 composite?
True
Is 757646653 prime?
False
Is 233003177 composite?
True
Is 1007629009 a composite number?
False
Is 1630596769 prime?
False
Is 999912379 a prime number?
True
Is 939923371 prime?
True
Is 22822083743 a composite number?
True
Is 869354453 composite?
True
Is 649639049 prime?
True
Is 1119040823 prime?
False
Is 38613879023 a prime number?
False
Is 326157271 a composite number?
True
Is 1203252067 a composite number?
True
Is 44884750049 composite?
False
Is 161010191 a composite number?
True
Is 16868792271 prime?
False
Is 45380069089 composite?
False
Is 11053437809 a prime number?
False
Is 210203573 prime?
False
Is 1763218967 a prime number?
False
Is 994876537 a composite number?
True
Is 2545471171 a prime number?
False
Is 764688493 a prime number?
True
Is 46117121749 a composite number?
True
Is 13034272913 composite?
False
Is 79213307 prime?
True
Is 4979881253 a prime number?
False
Is 544071527 prime?
True
Is 30663848389 composite?
False
Is 487733717 prime?
False
Is 761500963 a prime number?
True
Is 9391061263 composite?
False
Is 438544939 prime?
False
Is 18618743527 composite?
False
Is 7251951739 composite?
False
Is 8765635195 a prime number?
False
Is 39801108167 composite?
True
Is 329576119 prime?
True
Is 195559706617 a composite number?
True
Is 3972335639 composite?
True
Is 2748991129 a composite number?
False
Is 14534862989 prime?
True
Is 2100047659 prime?
False
Is 72065969 composite?
True
Is 61675792961 prime?
False
Is 266836232891 a prime number?
False
Is 4873361837 a composite number?
False
Is 615941453 composite?
False
Is 1730834123 composite?
False
Is 529683523 a composite number?
False
Is 230821586311 a prime number?
True
Is 2284901011 prime?
False
Is 2818160117 a prime number?
True
Is 15813063319 prime?
True
Is 5169445051 a composite number?
True
Is 175146257519 a prime number?
False
Is 2396704511 a prime number?
False
Is 264489997 prime?
False
Is 27153030551 composite?
False
Is 11247531905 composite?
True
Is 29676955723 prime?
False
Is 166994167 prime?
False
Is 31216052107 prime?
True
Is 3321033973 prime?
True
Is 2719872601 a composite number?
True
Is 718100947 prime?
False
Is 1390112599 composite?
True
Is 1757435123 composite?
False
Is 541098224171 prime?
True
Is 12453667 composite?
True
Is 288748711 prime?
True
Is 132235697479 composite?
False
Is 295143479 a composite number?
False
Is 24623896039 a prime number?
True
Is 2521292617 prime?
True
Is 3376947941 prime?
True
Is 157368227 a prime number?
False
Is 60943763 composite?
True
Is 1438009931 composite?
True
Is 32248295 composite?
True
Is 3904454291 a composite number?
True
Is 4379282381 composite?
True
Is 80503691 a composite number?
False
Is 13605637951 a composite number?
True
Is 31832466361 a prime number?
False
Is 7508251931 a composite number?
True
Is 23665970287 composite?
False
Is 3219023471 prime?
True
Is 152614045151 composite?
True
Is 2046394211 prime?
True
Is 103080839 prime?
False
Is 30637810549 composite?
True
Is 484899769 prime?
True
Is 397860839 prime?
False
Is 820390397 a prime number?
True
Is 9434608999 composite?
True
Is 1619221809 prime?
False
Is 28154606189 composite?
False
Is 116062929767 prime?
False
Is 372096349721 a composite number?
False
Is 1015857203 a prime number?
True
Is